2
What is the thousands digit of 302789568?
9
What is the ten thousands digit of 7253501758?
0
What is the tens digit of 113881491?
9
What is the hundreds digit of 358598948?
9
What is the units digit of 1079268086?
6
What is the hundred millions digit of 1060934737?
0
What is the ten millions digit of 1332004102?
3
What is the tens digit of 212432426?
2
What is the ten thousands digit of 1618246818?
4
What is the millions digit of 388720038?
8
What is the hundred thousands digit of 4478314553?
3
What is the ten thousands digit of 610365612?
6
What is the hundreds digit of 56909274?
2
What is the ten millions digit of 96885565?
9
What is the tens digit of 94949821?
2
What is the millions digit of 150634769?
0
What is the hundreds digit of 4670633242?
2
What is the tens digit of 32294597?
9
What is the tens digit of 178614854?
5
What is the ten thousands digit of 2847187026?
8
What is the millions digit of 543096356?
3
What is the millions digit of 33287778?
3
What is the tens digit of 875330063?
6
What is the ten millions digit of 10992625?
1
What is the units digit of 265976445?
5
What is the hundreds digit of 522314156?
1
What is the units digit of 125267322?
2
What is the hundred thousands digit of 420067139?
0
What is the ten millions digit of 42999893?
4
What is the hundreds digit of 192043231?
2
What is the millions digit of 573343660?
3
What is the hundred millions digit of 185879013?
1
What is the ten millions digit of 8130921351?
3
What is the units digit of 103580301?
1
What is the hundreds digit of 436487863?
8
What is the ten thousands digit of 98548406?
4
What is the tens digit of 70998962?
6
What is the millions digit of 7958819?
7
What is the hundreds digit of 201626105?
1
What is the millions digit of 206258509?
6
What is the hundreds digit of 991582831?
8
What is the millions digit of 41592495?
1
What is the units digit of 490905212?
2
What is the thousands digit of 323189605?
9
What is the millions digit of 45676056?
5
What is the units digit of 1322383900?
0
What is the tens digit of 1126329645?
4
What is the millions digit of 4002760780?
2
What is the hundred thousands digit of 66954063?
9
What is the hundred thousands digit of 53847213?
8
What is the millions digit of 2517002742?
7
What is the ten millions digit of 7078485378?
7
What is the tens digit of 21481452?
5
What is the hundred thousands digit of 607616518?
6
What is the tens digit of 1027926175?
7
What is the ten millions digit of 30085175?
3
What is the millions digit of 526266018?
6
What is the millions digit of 850903699?
0
What is the hundred thousands digit of 6295580327?
5
What is the tens digit of 164643262?
6
What is the millions digit of 1067763625?
7
What is the thousands digit of 97264653?
4
What is the units digit of 34870972?
2
What is the tens digit of 45321945?
4
What is the millions digit of 2019955434?
9
What is the units digit of 23695890?
0
What is the hundred thousands digit of 3074541496?
5
What is the hundred thousands digit of 44141997?
1
What is the millions digit of 1551933154?
1
What is the ten millions digit of 174689236?
7
What is the hundred millions digit of 377155799?
3
What is the thousands digit of 847371685?
1
What is the billions digit of 3203359531?
3
What is the ten millions digit of 258247306?
5
What is the hundred thousands digit of 38770528?
7
What is the thousands digit of 91736516?
6
What is the thousands digit of 3767593052?
3
What is the billions digit of 3845407320?
3
What is the hundreds digit of 58729570?
5
What is the millions digit of 3531837448?
1
What is the ten thousands digit of 7701378?
0
What is the hundreds digit of 130404105?
1
What is the ten thousands digit of 355091340?
9
What is the hundred thousands digit of 1108342746?
3
What is the tens digit of 119247593?
9
What is the hundreds digit of 776488462?
4
What is the units digit of 1071908266?
6
What is the ten thousands digit of 2489751?
8
What is the hundreds digit of 1692130730?
7
What is the hundred millions digit of 2701744022?
7
What is the units digit of 339277535?
5
What is the units digit of 105328574?
4
What is the billions digit of 5399993647?
5
What is the ten thousands digit of 3790582599?
8
What is the tens digit of 3243596850?
5
What is the hundred thousands digit of 1682713243?
7
What is the hundreds digit of 341515711?
7
What is the millions digit of 50195239?
0
What is the tens digit of 224459093?
9
What is the units digit of 40122565?
5
What is the units digit of 134497982?
2
What is the units digit of 63588654?
4
What is the tens digit of 4043737505?
0
What is the units digit of 127466830?
0
What is the units digit of 534712395?
5
What is the tens digit of 9782261?
6
What is the hundred millions digit of 221031368?
2
What is the units digit of 553035651?
1
What is the ten millions digit of 21044873?
2
What is the thousands digit of 2146759716?
9
What is the hundreds digit of 33029103?
1
What is the ten millions digit of 19863406?
1
What is the hundred millions digit of 2081629345?
0
What is the hundred millions digit of 623412737?
6
What is the hundreds digit of 835951211?
2
What is the millions digit of 4766787669?
6
What is the tens digit of 39375102?
0
What is the millions digit of 49220478?
9
What is the thousands digit of 4335261208?
1
What is the hundred thousands digit of 5377920586?
9
What is the hundred thousands digit of 1500202298?
2
What is the hundreds digit of 82357378?
3
What is the ten thousands digit of 77240243?
4
What is the ten millions digit of 59566686?
5
What is the tens digit of 2029542276?
7
What is the hundred millions digit of 3408619296?
4
What is the units digit of 438425841?
1
What is the billions digit of 2081442673?
2
What is the tens digit of 106449140?
4
What is the hundred millions digit of 802713038?
8
What is the thousands digit of 6313069087?
9
What is the units digit of 410307648?
8
What is the hundreds digit of 31125237?
2
What is the millions digit of 6622001?
6
What is the ten millions digit of 49949266?
4
What is the thousands digit of 83686585?
6
What is the hundreds digit of 132970533?
5
What is the tens digit of 654117463?
6
What is the ten millions digit of 167961818?
6
What is the hundred thousands digit of 593119959?
1
What is the hundred thousands digit of 196694091?
6
What is the hundreds digit of 828590420?
4
What is the millions digit of 4308357900?
8
What is the units digit of 1448468012?
2
What is the millions digit of 3192257874?
2
What is the ten thousands digit of 182141903?
4
What is the hundred millions digit of 102385515?
1
What is the hundred millions digit of 447344938?
4
What is the billions digit of 1140212144?
1
What is the thousands digit of 658947728?
7
What is the hundreds digit of 111849695?
6
What is the hundreds digit of 1032189718?
7
What is the ten millions digit of 5252521476?
5
What is the ten millions digit of 43369998?
4
What is the ten millions digit of 33660714?
3
What is the millions digit of 202561012?
2
What is the ten thousands digit of 190690314?
9
What is the ten thousands digit of 3123788385?
8
What is the thousands digit of 359116575?
6
What is the ten thousands digit of 18208906?
0
What is the hundreds digit of 6462171046?
0
What is the hundred thousands digit of 744291554?
2
What is the ten millions digit of 4385478985?
8
What is the tens digit of 20815213?
1
What is the thousands digit of 2066945624?
5
What is the thousands digit of 318056917?
6
What is the thousands digit of 2109925619?
5
What is the millions digit of 62149011?
2
What is the thousands digit of 144627953?
7
What is the tens digit of 172980266?
6
What is the units digit of 6424013?
3
What is the hundred thousands digit of 1549492260?
4
What is the hundred thousands digit of 25570078?
5
What is the ten millions digit of 12465335?
1
What is the units digit of 1655988995?
5
What is the millions digit of 3604473916?
4
What is the billions digit of 2403110757?
2
What is the tens digit of 32993017?
1
What is the hundred thousands digit of 23888434?
8
What is the millions digit of 11692519?
1
What is the tens digit of 507458006?
0
What is the ten thousands digit of 123869528?
6
What is the hundred thousands digit of 2429917526?
9
What is the units digit of 329852789?
9
What is the hu